e the remainder when 104988 is divided by 16.
12
What is the remainder when 6496 is divided by 28?
0
Calculate the remainder when 31655 is divided by 20.
15
Calculate the remainder when 3724 is divided by 3.
1
What is the remainder when 20767 is divided by 51?
10
Calculate the remainder when 39098 is divided by 13027.
17
Calculate the remainder when 411053 is divided by 368.
365
Calculate the remainder when 247488 is divided by 11.
10
Calculate the remainder when 12372 is divided by 6186.
0
Calculate the remainder when 2968 is divided by 1474.
20
Calculate the remainder when 3724343 is divided by 519.
518
Calculate the remainder when 18818 is divided by 4689.
62
What is the remainder when 3022 is divided by 803?
613
What is the remainder when 525 is divided by 196?
133
What is the remainder when 814 is divided by 34?
32
What is the remainder when 488307 is divided by 15?
12
Calculate the remainder when 790498 is divided by 255.
253
Calculate the remainder when 22789 is divided by 19.
8
What is the remainder when 141791 is divided by 47255?
26
Calculate the remainder when 6298 is divided by 939.
664
What is the remainder when 18304 is divided by 4337?
956
What is the remainder when 17435 is divided by 306?
299
What is the remainder when 415 is divided by 99?
19
Calculate the remainder when 11192 is divided by 727.
287
What is the remainder when 1166651 is divided by 64?
59
Calculate the remainder when 14855 is divided by 558.
347
What is the remainder when 377008 is divided by 3?
1
Calculate the remainder when 22717 is divided by 255.
22
What is the remainder when 34667 is divided by 19?
11
What is the remainder when 35684 is divided by 11881?
41
What is the remainder when 66268 is divided by 383?
9
What is the remainder when 48994 is divided by 18?
16
What is the remainder when 8175 is divided by 7?
6
What is the remainder when 18853 is divided by 77?
65
What is the remainder when 98678 is divided by 577?
11
What is the remainder when 8839 is divided by 1104?
7
Calculate the remainder when 36128 is divided by 457.
25
Calculate the remainder when 66051 is divided by 426.
21
Calculate the remainder when 2274 is divided by 24.
18
Calculate the remainder when 9541 is divided by 1889.
96
Calculate the remainder when 4031 is divided by 72.
71
What is the remainder when 11019 is divided by 55?
19
What is the remainder when 1314 is divided by 96?
66
Calculate the remainder when 12751 is divided by 455.
11
Calculate the remainder when 18404 is divided by 689.
490
Calculate the remainder when 1189116 is divided by 1057.
1048
What is the remainder when 12669 is divided by 144?
141
What is the remainder when 1125 is divided by 375?
0
Calculate the remainder when 24108 is divided by 24103.
5
Calculate the remainder when 3329 is divided by 665.
4
What is the remainder when 9229 is divided by 16?
13
Calculate the remainder when 1707 is divided by 402.
99
Calculate the remainder when 298148 is divided by 189.
95
What is the remainder when 866 is divided by 612?
254
What is the remainder when 31845 is divided by 243?
12
Calculate the remainder when 12338 is divided by 6164.
10
What is the remainder when 8652 is divided by 720?
12
Calculate the remainder when 143975 is divided by 55.
40
Calculate the remainder when 1800 is divided by 1742.
58
Calculate the remainder when 1629371 is divided by 237.
233
What is the remainder when 404492 is divided by 8254?
46
What is the remainder when 2098 is divided by 22?
8
What is the remainder when 43533 is divided by 4832?
45
Calculate the remainder when 2678980 is divided by 446496.
4
Calculate the remainder when 51717 is divided by 233.
224
Calculate the remainder when 20694 is divided by 5173.
2
What is the remainder when 615 is divided by 60?
15
What is the remainder when 2366197 is divided by 107?
106
What is the remainder when 76744 is divided by 161?
108
Calculate the remainder when 233420 is divided by 268.
260
What is the remainder when 5862000 is divided by 422?
420
Calculate the remainder when 19544 is divided by 230.
224
What is the remainder when 5652 is divided by 65?
62
Calculate the remainder when 763584 is divided by 857.
854
Calculate the remainder when 777 is divided by 349.
79
Calculate the remainder when 3569 is divided by 715.
709
What is the remainder when 310181 is divided by 183?
179
Calculate the remainder when 80417 is divided by 80247.
170
What is the remainder when 72384 is divided by 38?
32
Calculate the remainder when 35149 is divided by 32.
13
Calculate the remainder when 6779 is divided by 10.
9
What is the remainder when 37712 is divided by 449?
445
What is the remainder when 17172 is divided by 658?
64
What is the remainder when 232254 is divided by 105?
99
What is the remainder when 2007899 is divided by 217?
215
What is the remainder when 44434 is divided by 126?
82
What is the remainder when 15711 is divided by 281?
256
What is the remainder when 31322 is divided by 191?
189
Calculate the remainder when 15431 is divided by 63.
59
Calculate the remainder when 87387 is divided by 87378.
9
What is the remainder when 141203 is divided by 574?
573
Calculate the remainder when 7535 is divided by 7072.
463
Calculate the remainder when 759119 is divided by 68.
35
What is the remainder when 33078 is divided by 40?
38
What is the remainder when 7888 is divided by 50?
38
Calculate the remainder when 2290 is divided by 151.
25
Calculate the remainder when 22323 is divided by 340.
223
What is the remainder when 10659 is divided by 5288?
83
Calculate the remainder when 3577823 is divided by 259.
256
What is the remainder when 11713 is divided by 11?
9
Calculate the remainder when 153071 is divided by 5667.
62
Calculate the remainder when 1586445 is divided by 36894.
3
What is the remainder when 46916 is divided by 122?
68
What is the remainder when 1126 is divided by 1115?
11
Calculate the remainder when 49501 is divided by 175.
151
What is the remainder when 7111 is divided by 48?
7
What is the remainder when 815 is divided by 207?
194
Calculate the remainder when 9155 is divided by 1524.
11
Calculate the remainder when 262 is divided by 112.
38
What is the remainder when 79619 is divided by 93?
11
What is the remainder when 1651 is divided by 152?
131
Calculate the remainder when 1869926 is divided by 1422.
1418
What is the remainder when 2504 is divided by 293?
160
Calculate the remainder when 284565 is divided by 37.
35
What is the remainder when 1339 is divided by 262?
29
Calculate the remainder when 6988 is divided by 73.
53
Calculate the remainder when 138003 is divided by 369.
366
What is the remainder when 2660 is divided by 1322?
16
Calculate the remainder when 5645 is divided by 939.
11
What is the remainder when 8717 is divided by 32?
13
Calculate the remainder when 505802 is divided by 274.
272
Calculate the remainder when 3107 is divided by 816.
659
What is the remainder when 6550 is divided by 87?
25
What is the remainder when 18219 is divided by 3203?
2204
What is the remainder when 122034 is divided by 20338?
6
What is the remainder when 64082 is divided by 21356?
14
What is the remainder when 112163 is divided by 18691?
17
What is the remainder when 55671 is divided by 13910?
31
What is the remainder when 7234 is divided by 1596?
850
What is the remainder when 48492 is divided by 21?
3
What is the remainder when 11432 is divided by 1898?
44
What is the remainder when 267420 is divided by 194?
88
What is the remainder when 22131 is divided by 1581?
1578
Calculate the remainder when 28170 is divided by 188.
158
What is the remainder when 73655 is divided by 66?
65
What is the remainder when 2321 is divided by 414?
251
Calculate the remainder when 496077 is divided by 1231.
1215
What is the remainder when 4235 is divided by 142?
117
What is the remainder when 6074 is divided by 133?
89
Calculate the remainder when 1491 is divided by 149.
1
What is the remainder when 3275 is divided by 298?
295
What is the remainder when 15397 is divided by 229?
54
What is the remainder when 5644 is divided by 1408?
12
What is the remainder when 450663 is divided by 82?
73
What is the remainder when 169617 is divided by 81?
3
Calculate the remainder when 4387 is divided by 152.
131
What is the rema